1/(-3)). Let v(n) = -n**3 - 9*n**2 - 7*n - 15. What are the prime factors of v(d)?
2, 19
Let q be (4/(-3) + 1)/(4/(-24)). Suppose 4*c = -q*x + 1958, -5*c - 4*x + 2493 = 50. List the prime factors of c.
491
Let w = -752 + 1968. What are the prime factors of w?
2, 19
Let z = 132 - 101. Suppose -z*y = -40*y + 1755. List the prime factors of y.
3, 5, 13
Let v = 20700 - 5359. What are the prime factors of v?
23, 29
Let x be -6*(3 + -6 + 4). Let f be 1 + -11 - (27/9 - 7). What are the prime factors of 79*f/9*x/4?
79
Let w(z) = -z**2 - 9*z - 4. Let m be w(-8). Let s be -99 - (0 + 0)*2/m. Let o = s - -163. What are the prime factors of o?
2
Let s(t) = -t**2 + 27*t - 59. Let y be s(7). What are the prime factors of (-325 + -1)*y/(-54)?
3, 163
Suppose -272 - 47 = -h + s, 2*h = 4*s + 640. Suppose -3*r = 3*b - 195, -2*r = -7*r + 2*b + h. Suppose 5*w - 71 = r. What are the prime factors of w?
3
Suppose 1804*d - 2682735 = 1733*d. List the prime factors of d.
3, 5, 11, 229
Let g(q) = -7*q**3 - 37*q**2 - 103*q + 75. Let h(w) = 2*w**3 + w**2 + 2*w. Let b(f) = g(f) + 3*h(f). List the prime factors of b(-31).
199
List the prime factors of (24/(-16))/(30/(-490860)).
3, 101
Let k = 669 + -680. Let m(s) = -9*s - 3. Let d be m(-5). Let o = d + k. List the prime factors of o.
31
Let k = -180 + 2659. Suppose 8*v - k = 33. What are the prime factors of v?
2, 157
Let h(d) = -d**3 - 21*d**2 + 35*d - 7. Let f be h(-22). Let z = 440 + f. List the prime factors of z.
3, 7
Let p = 38030 - 20845. What are the prime factors of p?
5, 7, 491
Suppose 0 = 3*r - 7 + 1. Suppose -9*a + 63 - 9 = 0. Suppose a*h = -r*h + 144. What are the prime factors of h?
2, 3
Let u(c) = -c**2 + 19*c - 7. Let h be u(18). Let r = -138 - h. Let a = r + 327. What are the prime factors of a?
2, 89
Let i(a) = a**2 - 10. Let h be i(-3). Let z(u) = 10*u + 13. Let x be z(h). What are the prime factors of 1684/12 - ((-24)/9 + x)?
2, 5, 7
Suppose -30*v + 10*v + 369760 = 0. List the prime factors of v.
2, 2311
Suppose 59*u - 417972 = 14*u + 24288. List the prime factors of u.
2, 3, 7, 13
Let t(g) be the first derivative of -g**4/4 - 8*g**3/3 + 6*g**2 - 60*g + 119. What are the prime factors of t(-12)?
2, 3, 31
List the prime factors of (-42)/9*1*(-741)/2.
7, 13, 19
What are the prime factors of (36922/14)/((-194)/(-1358))?
18461
Suppose l = 5*r - 5, 0 = 5*l - 4*r - 47 - 12. Suppose 156 = k - 150. Suppose -17*i = -l*i - k. List the prime factors of i.
3, 17
Let u be (110/(-35))/(5/(-35)). Let s be ((-9)/(-18))/(-1 + u/20). Suppose -9*q + 622 = -s*q + d, 2*d + 616 = 4*q. What are the prime factors of q?
5, 31
Let r(o) be the first derivative of o**3/3 + 23*o**2/2 + 3*o + 65. What are the prime factors of r(7)?
3, 71
Let n be 139854/507 - (-2)/13. What are the prime factors of -10 + 0 + 5 + 9 + n?
2, 5, 7
Let k(q) = q + 11. Let x be k(-6). Suppose x*h + 2*c = 839, -2*c - 3 = 3. List the prime factors of h.
13
Let m be 1/((-6)/(-27)) + (-6)/4. Suppose -3*j + 2*k + 1975 + 885 = 0, -m*j - k + 2863 = 0. What are the prime factors of j?
2, 3, 53
Let u(w) = 1199 - 1104 - w + 5*w**2 - 3*w**2. What are the prime factors of u(0)?
5, 19
Let s(d) = d**3. Let y be s(0). Suppose -5*b + y*b = a - 577, -4*b + 1136 = 2*a. What are the prime factors of a?
2, 281
What are the prime factors of 901696/48 + 14 + (-5)/(-3)?
3, 2089
Let b(l) = l**3 + 8*l**2 - 3*l - 1. Suppose 4*m - 2*s = -0*m + 22, 0 = 5*m - 4*s - 26. Suppose m*g - 2 + 38 = 0. What are the prime factors of b(g)?
89
Let u = -77 - -79. Let r be 3626/6*-1 - u/(-6). What are the prime factors of (3 + 44/(-16))/((-1)/r)?
151
Let z(q) = 27*q**2 + 151*q + 68. What are the prime factors of z(-19)?
2, 23, 151
Let b(t) = 106*t**2 + 17. Let u(f) = -104*f**2 - f - 17. Let h(d) = -6*b(d) - 7*u(d). List the prime factors of h(-4).
3, 487
Suppose -3 = -5*n - 8. Let t be 16/72 + n + 86/18. Suppose -t*l + 153 = -107. List the prime factors of l.
5, 13
Suppose 10*f - 20 = 10. Suppose -4 = -j, f*h - 2945 + 697 = 2*j. List the prime factors of h.
2, 47
Let u(z) = -689*z + 4221. What are the prime factors of u(-45)?
2, 3, 19, 103
Suppose -5*g = -p + 14686, -9*p = -5*p + 5*g - 58594. What are the prime factors of p?
2, 229
Let s = 16320 - -41171. What are the prime factors of s?
7, 43, 191
Suppose 3*y - 5*r = 151323, y = -3*r + 58241 - 7786. Suppose 48*f = y + 29138. What are the prime factors of f?
2, 829
Suppose 0 = -f - 2*m + 12853, -131*f = -129*f - 11*m - 25691. List the prime factors of f.
71, 181
List the prime factors of (-417917)/(-5) + (-10)/800*-48.
2, 653
Let q(z) = 5*z**2 + 12*z + 63. Suppose 0 = 23*u - 32*u - 108. List the prime factors of q(u).
3, 71
List the prime factors of 118005/(-10)*((-264)/(-36) + -8).
7867
Let r(k) = 2*k**2 + 2*k. Let i be r(-2). Suppose 0 = -5*c, -4*y + i + 16 = 5*c. Suppose -200 = -2*g - 3*j - 33, y*g + 4*j = 421. List the prime factors of g.
5, 17
List the prime factors of ((-1)/(4/(-626)))/(-2 + 35/14).
313
Let t be 6*6/9*-80. Let w(h) = 3*h + 598. Let u be w(-38). Let y = u + t. List the prime factors of y.
2, 41
Let o(i) = i**3 + 210. Suppose -5*v = 4*u + 5, 3*v = 3*u + v - 2. What are the prime factors of o(u)?
2, 3, 5, 7
Let z(a) = -480*a**3 + 4*a**2 + 12*a + 16. List the prime factors of z(-2).
2, 13, 37
Let n(i) = -1. Let d(m) = 4*m**2 - 17*m + 7. Let x(q) = d(q) - n(q). Let u be x(5). Suppose 695 = 8*g + u. List the prime factors of g.
2, 3, 7
Suppose 4*q - 2*r + 83 + 69 = 0, -q - r = 35. Let f = q - -40. List the prime factors of f - (-102)/(0 + 2 + -1).
3, 5, 7
Suppose 5*d - 45 = 5*i, -4*d + i + 33 = -0*d. Suppose 0 = 5*x + 10, -13*k + d*k - 3*x = -2214. List the prime factors of k.
2, 3, 37
Let p(y) = -50*y**2 - 15*y + 104. Let u(f) = 10*f**2 + 3*f - 21. Let c(l) = 2*p(l) + 11*u(l). List the prime factors of c(-6).
11, 29
Let l(y) = 3*y - 12. Let k(n) = n. Let a(r) = 5*k(r) - l(r). Let x(v) = -v**3 + 8*v + 7. Let b be x(-1). What are the prime factors of a(b)?
2, 3
Suppose -d + 171*d - 2433040 = 0. What are the prime factors of d?
2, 1789
Let q(d) = d**3 - 12*d**2 + 19*d - 22. Let w(x) = -x + 17. Let j be w(4). List the prime factors of q(j).
2, 197
Let i(v) = -3*v + 8 + 0*v - 7 - 4*v - 10*v. Let q be 4/8 - (-34)/(-4). List the prime factors of i(q).
137
Let w be 4/(-7) - 389664/462. Let t = 1632 + w. List the prime factors of t.
2, 197
Let z = -27 + 29. Let p be (z - 4)*1 - (5 + -41). Suppose -3*j - p = -115. List the prime factors of j.
3
Suppose 2*a - 54 = 56*a. List the prime factors of -2 + a - 5*-370.
1847
Let s(h) = -h**3 - 94*h**2 - 938*h + 64. What are the prime factors of s(-87)?
28687
Let v(i) = 109*i + 416. Let h be v(6). Let j = -9 + 16. Suppose 2*d + h = j*d. What are the prime factors of d?
2, 107
Suppose 5*z - 7*z = 3*x - 82862, -5*z + 207170 = 5*x. List the prime factors of z.
2, 5, 7, 37
Suppose -5*g = 0, 3*k + 2*g + 6 = 6*g. What are the prime factors of 159*((5 - 2 - k) + -2)?
3, 53
Suppose 31*g = -4*g + 546420. What are the prime factors of g?
2, 3, 1301
Let z(g) = 13*g + 36. Let l be 1*5*(-114)/(-95). List the prime factors of z(l).
2, 3, 19
Suppose -4*u - 45 = 5*x, 0 = -2*u - 3*u - 4*x - 54. Let l be ((-45)/u)/(((-6)/140)/3). Let o = -143 - l. What are the prime factors of o?
2, 43
Let w(b) = 16*b**2 + 28*b + 43. Let r(o) = -9*o**2 - 14*o - 24. Let p(g) = -7*r(g) - 4*w(g). Suppose 20 = -6*d + 4*d. What are the prime factors of p(d)?
2, 3
Suppose -5*r + 1989 = 2*q, -6*r = 2*q - 2*r - 1990. List the prime factors of q.
997
Suppose 2*d - 5*i - 33457 = 0, 0*d + 3*i = -2*d + 33417. List the prime factors of d.
2, 3, 7, 199
Suppose -3*w + 351 = -4*j, -14*w + 9*w = j - 585. What are the prime factors of (40/12)/(236/w - 2)?
3, 5, 13
Let y = 71 + -67. Suppose -4*o - 5500 = -y*n, -5*n = 2*o + 2*o - 6839. What are the prime factors of n?
3, 457
Let h(x) = 14*x + 115. Let z be h(31). Let f = z + -140. What are the prime factors of f?
409
Suppose 3*v = -55*u + 54*u + 64915, 64923 = 3*v - 3*u. What are the prime factors of v?
3, 7213
Suppose 3*s - 6*s = 57. Let b = s + 23. Suppose -5*k + b*m + 701 = 174, 4*k - m - 426 = 0. List the prime factors of k.
107
Suppose -5*l = -2*u + 107357, -3*u = -5*l - 176753 + 15705. List the prime factors of u.
3, 11, 1627
Suppose -2*y - 152 = 6*g - 3*g, -3*y - 228 = 5*g. Let v = 173 + y. Sup